
Suppose -52 = -5*r + r. Let c = 13 - r. Let u(s) = s**3 - s - 6. Determine u(c).
-6
Let h = 12 + -7. Let o(f) = -4 + 2*f - 9*f + f**2 + 11. What is o(h)?
-3
Let t(z) = -2*z**3 - 3*z**2 + z + 3*z**2 + z**2 + z**3. Give t(0).
0
Suppose 3*x - 2*j + 15 = 0, 4*x + j = -0 - 20. Let b(h) be the third derivative of 0*h + 0 + 1/3*h**3 - 1/24*h**4 + 2*h**2. What is b(x)?
7
Let b = 1 + 0. Let m be -4 - b/(-2)*-4. Let n(h) = h**2 + 6*h + 1. Give n(m).
1
Let a(w) = w**2 + 5*w - 8. Let p be a(-7). Let d = 8 - p. Let l(u) = u - u**d - u. Calculate l(-3).
-9
Let x(l) = -l**3 - 5*l**2 - 6*l - 3. Let f(g) = -g**3 - 5*g**2 - 7*g - 3. Let a(u) = 3*f(u) - 4*x(u). Let n be (-6)/21 - 26/7. What is a(n)?
7
Let c(f) be the first derivative of f**4/4 + f**2/2 + 13*f - 18. What is c(0)?
13
Let u(g) = -g**3 + 6*g**2 - 2*g - 4. Suppose -v + x = -6, 3*v + v = -2*x + 18. Determine u(v).
11
Let m(g) = -g**3 + 3*g**2 + 3*g - 3. Suppose 2 - 18 = -3*a + x, 0 = -a + 4*x - 13. Suppose 4*o + 1 = -3, -5*o = 3*q - a. Calculate m(q).
-7
Let n(j) = j**2 + j - 2. Let i be (1/(-2))/(2/56). Let b = i - -16. Give n(b).
4
Let c(j) be the first derivative of -j**2/2 - j - 10. Calculate c(-1).
0
Let x(k) = -k**3 - 5*k**2 - 2*k - 16. Let w be x(-5). Let n(d) = 2*d + 14. Calculate n(w).
2
Let n(j) = j**3 + j**2 - j + 4. Let q(l) = -l + 6. Let s be q(7). Let h be (s + -4 + 5)/(-1). Give n(h).
4
Let a = 52 - 36. Suppose -4*m + 5*j = a, -3*j = -m - 3 - 1. Let x(g) = -6*g - 12. Let s(t) = 2*t + 4. Let h(c) = 8*s(c) + 3*x(c). What is h(m)?
4
Let z(a) be the second derivative of a**5/20 - a**4/2 - a**3/6 + 3*a**2 + 9*a. Calculate z(6).
0
Suppose -j + 3*s = 8*s - 4, -5*j + 20 = 5*s. Let t(q) = -3 - j + 2*q + 2 - q. Calculate t(-4).
-9
Suppose -2*o = -3*x - 14, 3*o + 17 = -5*x - 0*o. Let n(f) = -f**3 - 5*f**2 + f. Calculate n(x).
-20
Let y = -5 + 7. Let r(f) = 6 + 2 - 6*f + f**y - 1 - 6. Give r(5).
-4
Let g(i) = i**3 + i**2 - 2. Suppose 13 = 4*n - 4*b - 27, 2*b + 8 = 0. Suppose -w + 3*j = w - 1, -4*w + 4 = -4*j. Suppose -w*q = -n*q. Determine g(q).
-2
Let f(t) be the second derivative of 1/2*t**3 + 0 + 7/2*t**2 + 4*t - 1/12*t**4. What is f(5)?
-3
Let j be 8/(0/3 - -2). Let q(c) be the third derivative of 0 + 1/24*c**j + 1/120*c**6 + 1/60*c**5 - 7/6*c**3 + 0*c - c**2. Determine q(0).
-7
Suppose 4*x - 1 = -5*u - 12, 0 = -3*u - 2*x - 5. Let b = 4 - 3. Let y(g) = b + 3*g - 1. Give y(u).
3
Let y(g) = 6*g**3 + 51*g**2 - 4*g - 34. Let q(j) = j**3 + 10*j**2 - j - 7. Let o(x) = -11*q(x) + 2*y(x). Determine o(7).
-19
Let l(u) = u + 1. Let m = -4 - -5. Let i = m - -2. Give l(i).
4
Let i(p) = 3*p**2 - 7*p + 1. Let w(c) = 7*c**2 - 15*c + 1. Let r(n) = 9*i(n) - 4*w(n). What is r(-4)?
1
Let x be (-3)/(-2) + 4/(-12). Let w(q) be the second derivative of -1/20*q**5 - 1/2*q**4 - x*q**3 + q + 0 - 2*q**2. Give w(-5).
6
Let z(u) = 14*u - 17. Let j(o) = 7*o - 8. Let h(r) = -13*j(r) + 6*z(r). Determine h(2).
-12
Let x(n) = -2*n + 3. Let i be x(4). Let f(a) = -5*a**2 - 4*a - a + 5 - a**3 - a**2. Give f(i).
5
Let r(z) be the first derivative of -7*z**2/2 + z - 2. Determine r(1).
-6
Let i(f) = 0 + 1 - 5*f + 0. Suppose -3 = 6*y + 9. Give i(y).
11
Suppose -30 = 9*m - 4*m. Let x(z) = 8*z**2 + 3*z - 6. Let o(q) = -15*q**2 - 6*q + 11. Let j(d) = m*o(d) - 11*x(d). What is j(-3)?
9
Let p(l) = -l**3 + 2*l**2. Suppose -2*m = 7*m - 27. Determine p(m).
-9
Let k(r) = -8*r**2 + r + 0*r**2 + 5*r**2. Suppose -2*i - i = 0. Suppose i = -2*m + 2*b - 4, 2*b = -m + 1 - 0. What is k(m)?
-4
Let p(b) = b + 13. Let l be p(-9). Let g(i) = 3*i**3 - 30 + l*i + 17 - 3*i**2 - 4*i**3 + 9. What is g(-4)?
-4
Let k be (-7)/(-1 + (-6)/(-4)). Let a be (-5)/(-20) + k/(-8). Let y(l) = -4*l - 2. Let o(z) = -17*z - 9. Let s(p) = 2*o(p) - 9*y(p). Give s(a).
4
Let k(r) be the first derivative of -r**2/2 + 3*r + 3. What is k(-6)?
9
Let g = 2 - 1. Let u be 1 + -6 + 0/g. Let m(n) = -4*n**3 - 8*n**2 + n - 2. Let q(k) = k**3 + k**2 - k - 1. Let t(a) = -m(a) - 3*q(a). Give t(u).
-5
Let o(k) = -k**3 - k**2 + 2*k - 3. Let a be (-120)/(-45)*(0 + 3/4). Determine o(a).
-11
Let z(u) = -2*u**2 - u**3 + 1 + 8*u**2 - 6. Calculate z(6).
-5
Let t(d) = -1 + 16 - 3*d - 1 + 4*d. What is t(-11)?
3
Let y(o) = 1110 - 4*o - 556 - 552. Calculate y(2).
-6
Suppose 19 = 5*r + 4. Let h(g) be the third derivative of 0 - 1/20*g**5 + 1/24*g**4 - 1/120*g**6 + 0*g + 0*g**r + g**2. Give h(-3).
-3
Let x(m) be the third derivative of m**6/120 + m**5/30 - m**4/4 - m**3/2 + 2*m**2. Give x(-4).
-11
Let f(o) be the second derivative of -1/20*o**5 - 3*o + o**2 + 0 - 1/2*o**4 + 1/6*o**3. Calculate f(-6).
-4
Let s = 12 - 17. Let m(l) = -4*l**2 - 5*l - 1 + 0*l**2 + l**3 - 9*l**2 + 17*l**2 + 0*l**2. Give m(s).
-1
Let j(o) be the second derivative of -2/3*o**3 + 0 - 1/12*o**4 + 3/2*o**2 + 4*o. Let s(f) = -4*f + 3. Let n be s(2). Calculate j(n).
-2
Let a be 5/(30/(-9))*-4. Let l(r) = -20*r**3 - 17*r**2 + 3*r - 26. Let m(c) = 7*c**3 + 6*c**2 - c + 9. Let f(i) = a*l(i) + 17*m(i). Calculate f(0).
-3
Suppose -k - 3*k - 12 = 0. Let r(h) = -2*h**3 + 6*h**2 - 4. Let b(y) = -y**3 + y**2 - y - 1. Let l(w) = k*b(w) + r(w). What is l(-3)?
-10
Let r(j) = j**2 + j - 3. Let p be -1*5/(15/12). Let z = -4 - p. Calculate r(z).
-3
Let n(s) = -3*s + 29. Let t(y) = -y + 10. Suppose 5*k - 15 = 5*m, 0 = 5*m - 3*m - 5*k + 6. Let z(o) = m*n(o) + 8*t(o). What is z(3)?
-4
Let i = -85 + 82. Let r(o) = 3*o**2 + 4*o - 1. What is r(i)?
14
Suppose -m + 0*r - 15 = 4*r, -3*r = 3*m + 9. Let k(h) = -8*h**3 + h**2 - 2*h + 1. Give k(m).
-8
Let s(i) = 5*i + 1. Let q(n) = -16*n - 3. Let c(a) = 2*q(a) + 7*s(a). Calculate c(-2).
-5
Let s(r) = r**3 + 2*r**2 - 4*r - 3. Let m = 8 - 6. Suppose -2*l + 2 = -6, -5*l + 8 = -4*b. Suppose m = 2*k - b*k. Calculate s(k).
5
Let w(k) = 8*k**2 + 4*k - 3. Let a(p) = -9*p**2 - 5*p + 4. Let d(y) = 3*a(y) + 4*w(y). Let o(u) = u. Let v be o(1). Determine d(v).
6
Let b(z) = 6*z**3 - 2*z**2 + 1. Let i be b(1). Let l(f) = -362*f + 178*f + 185*f + 6. Determine l(i).
11
Let v(j) be the third derivative of j**5/60 - j**4/4 - j**3/2 - 27*j**2. Determine v(6).
-3
Suppose 28*a = 34*a - 12. Let i(l) be the first derivative of 1/3*l**3 - 1/2*l**a - 3 - 13*l. Determine i(0).
-13
Let b(f) = f**2 + 5*f. Let i be -3 - ((-1 - -1) + 1). Give b(i).
-4
Let f(q) = -3*q + 12. Suppose 0*x = 5*c - x - 43, 4*x = -3*c + 12. Determine f(c).
-12
Suppose -4 = 4*b, -2*b + 2 = 2*n - 6*b. Let s = -2 - n. Let v(p) = 1 + p - 2*p**2 + 0*p - 3*p**2. Calculate v(s).
-5
Let t(k) = -5*k. Let i be t(1). Let n(r) = -5*r + 2. Let a(q) = -2*q. Let w(p) = 3*a(p) - n(p). What is w(i)?
3
Let d(j) be the first derivative of j**2/2 - 7*j + 1. Let s(w) = -w**3 - 2. Let o be s(-2). Determine d(o).
-1
Suppose 4*p + 2*y = -y - 12, -3*p = 5*y + 20. Let v(h) be the first derivative of h**4/4 + h**3/3 + h**2/2 + 6*h - 1. Give v(p).
6
Let t(l) = 80*l**3 - 5*l - 7*l**2 - 43*l**3 - 38*l**3 - 2. Calculate t(-6).
-8
Let h(f) be the third derivative of -2*f**2 + f**3 - 1/24*f**4 + 0 + 0*f**5 - 1/120*f**6 + 0*f. Suppose -4*g + 14 = -5*i - 2, 4*i = 5*g - 20. Calculate h(i).
6
Let l(q) = q**2 - q - 1. Let h(j) = -j**2 + j**2 - 2 + j**3 - 3*j. Let z(a) = h(a) - 6*l(a). Suppose -4*c + 40 = -0*c + 5*t, 0 = -2*t + 8. Calculate z(c).
-6
Let u be 2 + -10*1 + 3. Let z be (3 + u)*1 + 6. Suppose 0 = 2*a - 2*c - 10, 5*a + 4*c + 16 = -z. Let b(n) = -n**2 + 2. What is b(a)?
2
Let d(k) = -8*k**3 - 12*k**2 + 5*k**2 - 5 + 4 + 9*k**2. Give d(1).
-7
Suppose -4*z - 2*b + 3 + 3 = 0, -4*b + 16 = 4*z. Let y(d) = d**2 + 3*d - 2. Let h(q) = -q**3 - q**2 + q + 1. Let c(s) = z*y(s) - h(s). Calculate c(-3).
-14
Let f(c) = c**3 + 7*c**2 + 5*c + 2. Suppose h = 2*h + 6. Give f(h).
8
Let f(g) = 6*g + 19. Let x = 34 + -56. Let u(b) = b + 4. Let j(i) = x*u(i) + 4*f(i). Let v be j(8). Let t(r) = -r**3 + 3*r**2 + 4*r - 2. What is t(v)?
-2
Let h(o) = 4*o**3 - 4*o**2 - 9*o - 1. Let r(f) = 7*f**3 - 8*f**2 - 17*f - 3. Let z(i) = 5*h(i) - 3*r(i). Calculate z(5).
9
Let l(u) = 23*u - 2*u**2 - 6 - 27*u + 4*u**2. Let b(k) = 3*k**2 - 7*k - 12. Let f(n) = 3*b(n) - 5*l(n). Determine f(0).
-6
Suppose 5*m = -u - 10, 5 = 3*m + 11. Let p(n) = 0 + 3*n - 4*n - 1 + u. What is p(5)?
-6
Let x = -7 - -12. Let u(j) be the third derivative of -j**5/60 + 7*j**4/24 - 7*j**3/6 + 3*j**2. What is u(x)?
3
Let k(o) = -o + 1. Suppose -12 = -3*f